is the remainder when 5334 is divided by 316?
278
Calculate the remainder when 1495 is divided by 135.
10
Calculate the remainder when 17059 is divided by 1571.
1349
Calculate the remainder when 16603 is divided by 22.
15
Calculate the remainder when 97092 is divided by 12135.
12
What is the remainder when 1910 is divided by 35?
20
Calculate the remainder when 4134 is divided by 1333.
135
Calculate the remainder when 316685 is divided by 195.
5
What is the remainder when 145255 is divided by 80?
55
What is the remainder when 32844 is divided by 576?
12
What is the remainder when 27615 is divided by 20?
15
Calculate the remainder when 1384 is divided by 407.
163
What is the remainder when 98808 is divided by 32936?
0
What is the remainder when 1160 is divided by 22?
16
Calculate the remainder when 29993 is divided by 7497.
5
Calculate the remainder when 18785 is divided by 141.
32
What is the remainder when 251370 is divided by 19334?
28
Calculate the remainder when 1516 is divided by 681.
154
What is the remainder when 52759 is divided by 22?
3
What is the remainder when 17413 is divided by 65?
58
What is the remainder when 43617 is divided by 43606?
11
Calculate the remainder when 51623 is divided by 31.
8
Calculate the remainder when 42350 is divided by 42330.
20
What is the remainder when 106119 is divided by 338?
325
What is the remainder when 18050 is divided by 9020?
10
What is the remainder when 20157 is divided by 10076?
5
Calculate the remainder when 45675 is divided by 108.
99
Calculate the remainder when 3822 is divided by 2417.
1405
What is the remainder when 137423 is divided by 270?
263
Calculate the remainder when 502652 is divided by 439.
436
Calculate the remainder when 16619 is divided by 175.
169
What is the remainder when 8323 is divided by 512?
131
Calculate the remainder when 38610 is divided by 13.
0
What is the remainder when 1855 is divided by 139?
48
Calculate the remainder when 209278 is divided by 109.
107
What is the remainder when 150792 is divided by 725?
717
What is the remainder when 16810 is divided by 77?
24
Calculate the remainder when 16360 is divided by 470.
380
What is the remainder when 227673 is divided by 28457?
17
Calculate the remainder when 1089 is divided by 465.
159
What is the remainder when 7714 is divided by 1905?
94
What is the remainder when 334 is divided by 15?
4
What is the remainder when 2282 is divided by 68?
38
Calculate the remainder when 83751 is divided by 361.
360
What is the remainder when 15924 is divided by 339?
330
What is the remainder when 169816 is divided by 78?
10
What is the remainder when 792384 is divided by 375?
9
What is the remainder when 1281 is divided by 511?
259
What is the remainder when 3431 is divided by 78?
77
What is the remainder when 1038 is divided by 237?
90
What is the remainder when 4033 is divided by 535?
288
Calculate the remainder when 1109834 is divided by 554915.
4
What is the remainder when 4308240 is divided by 17?
15
Calculate the remainder when 5671 is divided by 294.
85
Calculate the remainder when 2968 is divided by 1886.
1082
Calculate the remainder when 14365 is divided by 4752.
109
What is the remainder when 74050 is divided by 112?
18
What is the remainder when 47595 is divided by 710?
25
What is the remainder when 3349 is divided by 58?
43
Calculate the remainder when 5710 is divided by 85.
15
What is the remainder when 3510 is divided by 208?
182
Calculate the remainder when 133267 is divided by 750.
517
Calculate the remainder when 64219 is divided by 607.
484
Calculate the remainder when 16785 is divided by 146.
141
What is the remainder when 613 is divided by 411?
202
Calculate the remainder when 7812 is divided by 3821.
170
What is the remainder when 469309 is divided by 142?
141
Calculate the remainder when 3788 is divided by 510.
218
Calculate the remainder when 133845 is divided by 143.
140
What is the remainder when 3588 is divided by 595?
18
What is the remainder when 2706 is divided by 847?
165
What is the remainder when 2588 is divided by 808?
164
What is the remainder when 883173 is divided by 294?
291
Calculate the remainder when 5069 is divided by 4818.
251
What is the remainder when 1142 is divided by 624?
518
What is the remainder when 1017 is divided by 907?
110
What is the remainder when 4932 is divided by 95?
87
Calculate the remainder when 20977 is divided by 104.
73
Calculate the remainder when 8014 is divided by 831.
535
Calculate the remainder when 5621 is divided by 58.
53
Calculate the remainder when 2405 is divided by 165.
95
Calculate the remainder when 222174 is divided by 140.
134
What is the remainder when 1583729 is divided by 30?
29
What is the remainder when 1669 is divided by 31?
26
What is the remainder when 4451 is divided by 388?
183
What is the remainder when 732463 is divided by 366231?
1
What is the remainder when 72740 is divided by 40?
20
What is the remainder when 18826 is divided by 508?
30
Calculate the remainder when 29348 is divided by 26.
20
Calculate the remainder when 2665 is divided by 90.
55
Calculate the remainder when 304 is divided by 114.
76
Calculate the remainder when 45163 is divided by 5016.
19
Calculate the remainder when 886 is divided by 293.
7
What is the remainder when 82427 is divided by 12?
11
Calculate the remainder when 9238 is divided by 42.
40
What is the remainder when 7594 is divided by 2500?
94
Calculate the remainder when 3355 is divided by 277.
31
What is the remainder when 39130 is divided by 1961?
1871
Calculate the remainder when 1354 is divided by 928.
426
What is the remainder when 9447 is divided by 33?
9
What is the remainder when 64421 is divided by 49?
35
Calculate the remainder when 634 is divided by 211.
1
What is the remainder when 1102 is divided by 69?
67
What is the remainder when 394569 is divided by 524?
521
What is the remainder when 2126 is divided by 109?
55
What is the remainder when 43345 is divided by 102?
97
What is the remainder when 10385 is divided by 216?
17
Calculate the remainder when 1289482 is divided by 29.
26
Calculate the remainder when 13258 is divided by 97.
66
What is the remainder when 517239 is divided by 335?
334
What is the remainder when 1032780 is divided by 37?
36
What is the remainder when 18759 is divided by 60?
39
Calculate the remainder when 1475 is divided by 212.
203
What is the remainder when 219064 is divided by 79?
76
Calculate the remainder when 9749 is divided by 17.
8
Calculate the remainder when 126158 is divided by 78.
32
What is the remainder when 45114 is divided by 15032?
18
Calculate the remainder when 428894 is divided by 4332.
26
What is the remainder when 925709 is divided by 154?
15
Calculate the remainder when 639 is divided by 147.
51
What is the remainder when 339071 is divided by 25?
21
Calculate the remainder when 2978 is divided by 728.
66
What is the remainder when 25838 is divided by 17?
15
What is the remainder when 26639 is divided by 500?
139
Calculate the remainder when 17820 is divided by 432.
108
What is the remainder when 4815 is divided by 200?
15
What is the remainder when 359322 is divided by 1824?
1818
What is the remainder when 16590 is divided by 8?
6
Calculate the remainder when 3642 is divided by 2771.
871
What is the remainder when 89450 is divided by 209?
207
Calculate the remainder when 183310 is divided by 48.
46
What is the remainder when 7670 is divided by 7609?
61
Calculate the remainder when 66797 is divided by 219.
2
Calculate the remainder when 28585932 is divided by 13.
11
Calculate the remainder when 1708 is divided by 331.
53
Calculate the remainder when 5437 is divided by 925.
812
What is the remainder when 148754 is divided by 49577?
23
Calculate the remainder when 244274 is divided by 246.
242
Calculate the remainder when 76749 is divided by 274.
29
Calculate the remainder when 28820 is divided by 25.
20
Calculate the remainder when 101457 is divided by 30.
27
What is the remainder when 151025 is divided by 56?
49
Calculate the remainder when 235105 is divided by 64.
33
What is the remainder when 78362 is divided by 78225?
137
Calculate the remainder when 117135 is divided by 16728.
39
What is the remainder when 2656 is divided by 192?
160
What is the r